
True
Does 23 divide 8555057?
True
Is 1057938459 a multiple of 4081?
False
Is 2017 a factor of 384724597?
True
Is 145 a factor of 130695315?
True
Does 567 divide 77980077?
True
Does 264 divide 2615971478?
False
Does 7 divide 15691354?
True
Is 472 a factor of 33305736?
True
Is 1920 a factor of 595045322?
False
Does 1002 divide 43823472?
True
Is 364040356 a multiple of 6?
False
Is 921991751 a multiple of 771?
False
Is 803 a factor of 1449848814?
False
Does 121 divide 368054854?
False
Is 3261 a factor of 64942815?
True
Is 14 a factor of 27581465?
False
Does 54 divide 127042064?
False
Does 466 divide 4165210106?
False
Does 1514 divide 389300876?
True
Is 467 a factor of 20638696?
False
Is 27092142 a multiple of 14?
True
Is 781901792 a multiple of 224?
True
Is 3212 a factor of 46792416?
True
Is 1317985808 a multiple of 1478?
True
Is 559540556 a multiple of 59?
False
Does 201 divide 201350237?
False
Is 91 a factor of 574697667?
False
Is 46 a factor of 107020196?
True
Is 16 a factor of 402821248?
True
Does 3 divide 4773553?
False
Is 59827051 a multiple of 112?
False
Does 4693 divide 1683691380?
False
Does 413 divide 90599162?
False
Does 3 divide 1751875891?
False
Does 59 divide 982977937?
True
Does 4 divide 105294472?
True
Is 2217740 a multiple of 10?
True
Is 607858496 a multiple of 448?
True
Is 49 a factor of 65112028?
False
Is 408919807 a multiple of 19?
False
Does 628 divide 193110628?
True
Does 46 divide 121951106?
True
Is 71716149 a multiple of 51?
True
Is 10125252 a multiple of 35?
False
Does 13 divide 44202498?
False
Is 141695631 a multiple of 99?
True
Is 114989446 a multiple of 65?
False
Is 318378060 a multiple of 1395?
True
Is 31 a factor of 54386251?
False
Does 31 divide 512865643?
True
Is 1431650339 a multiple of 221?
False
Is 1558 a factor of 5605741646?
True
Does 125 divide 2031371769?
False
Is 366 a factor of 249056412?
True
Is 3772968 a multiple of 3?
True
Does 67 divide 501051795?
True
Is 5 a factor of 8794650?
True
Does 28 divide 14697564?
True
Is 78717326 a multiple of 4?
False
Is 101862530 a multiple of 306?
False
Is 36792009 a multiple of 113?
True
Is 62 a factor of 926430711?
False
Is 1517 a factor of 50903083?
False
Is 122839695 a multiple of 33?
True
Is 2 a factor of 4736407?
False
Does 3624 divide 92172816?
True
Does 1052 divide 164273672?
False
Is 31 a factor of 3253698?
True
Does 76 divide 402132872?
True
Is 10769728 a multiple of 147?
False
Is 56 a factor of 1203518232?
True
Is 31 a factor of 1507501166?
False
Is 108339514 a multiple of 27?
False
Does 11 divide 780659187?
True
Is 82 a factor of 1631583848?
True
Is 3 a factor of 305913027?
True
Does 191 divide 57688582?
False
Is 44 a factor of 2035263868?
True
Is 801497376 a multiple of 1272?
True
Does 88 divide 795076216?
True
Does 55 divide 74390532?
False
Does 820 divide 18645160?
True
Is 32 a factor of 25497277?
False
Does 29 divide 1067497018?
True
Is 238036121 even?
False
Is 107 a factor of 2175993575?
False
Is 72 a factor of 209220831?
False
Does 239 divide 66354287?
True
Is 10 a factor of 6309944?
False
Does 66 divide 67291449?
False
Is 40 a factor of 133405118?
False
Does 24 divide 2047992?
True
Is 25955374 a multiple of 18?
False
Is 1493972872 a multiple of 14?
True
Is 164794211 a multiple of 35?
False
Does 651 divide 1091685336?
True
Is 56 a factor of 101188696?
True
Does 182 divide 428312?
False
Is 279 a factor of 10080270?
True
Does 56 divide 486962177?
False
Is 23548212 a multiple of 1348?
True
Is 107271799 even?
False
Is 813 a factor of 37673312?
False
Does 223 divide 47248525?
False
Does 79 divide 35357612?
False
Is 412 a factor of 18353755?
False
Is 13419314 a multiple of 118?
True
Is 2638825 a multiple of 5?
True
Does 1973 divide 3892987463?
True
Is 93 a factor of 153176673?
True
Does 782 divide 158243174?
True
Does 49 divide 490588891?
False
Does 1118 divide 19857777?
False
Is 60 a factor of 372783840?
True
Is 15636656 a multiple of 815?
False
Is 626940200 a multiple of 1471?
True
Is 1271384 a multiple of 10?
False
Is 5879155 a multiple of 22?
False
Does 259 divide 318695356?
True
Is 1648810416 a multiple of 748?
True
Does 902 divide 130671045?
False
Does 17 divide 5644816?
True
Is 500 a factor of 201346000?
True
Does 767 divide 1151168?
False
Is 320275004 a multiple of 28?
True
Is 10210001 a multiple of 8?
False
Is 268 a factor of 106732608?
True
Does 58 divide 1769116?
True
Does 410 divide 13638650?
True
Is 443627398 a multiple of 387?
False
Is 346954573 a multiple of 9331?
True
Is 496280 a multiple of 152?
True
Does 6 divide 101105270?
False
Does 1498 divide 654735354?
True
Is 3902109954 a multiple of 7491?
False
Is 365 a factor of 278244618?
False
Is 108629654 a multiple of 61?
True
Is 5233786 even?
True
Is 23 a factor of 251400413?
False
Is 120994001 a multiple of 2400?
False
Does 342 divide 140063022?
True
Is 43 a factor of 6804987?
False
Does 10 divide 4031221950?
True
Is 2423 a factor of 3926229200?
True
Does 2160 divide 409554561?
False
Does 95 divide 187705145?
False
Is 15723267 a multiple of 136?
False
Is 7 a factor of 794235920?
False
Does 98 divide 45965195?
False
Is 90584201 a multiple of 48?
False
Is 6 a factor of 9718938?
True
Is 1111 a factor of 3376329?
True
Is 21951400 a multiple of 82?
True
Does 3830 divide 3380829090?
True
Is 1216028661 a multiple of 5885?
False
Does 14 divide 8649186?
True
Is 2771 a factor of 267443065?
True
Is 65528625 a multiple of 541?
True
Is 4 a factor of 887507136?
True
Is 1009 a factor of 44722916?
True
Is 129289134 a multiple of 377?
True
Is 749319868 a multiple of 118?
False
Does 2580 divide 89745300?
True
Is 184386176 a multiple of 4?
True
Does 173 divide 3497541?
True
Is 34 a factor of 281210226?
True
Is 422 a factor of 227542848?
False
Is 24 a factor of 499091856?
True
Does 10 divide 19994010?
True
Does 22 divide 3883968?
True
Is 275 a factor of 22641850?
True
Is 3147342 a multiple of 1419?
True
Does 194 divide 86180306?
False
Is 41 a factor of 2934968477?
True
Does 154 divide 38488142?
True
Is 4899 a factor of 695746182?
True
Is 324846781 a multiple of 4?
False
Is 53002174 a multiple of 339?
False
Is 7412380 a multiple of 6?
False
Is 1631 a factor of 152056592?
False
Is 34 a factor of 16550622?
True
Is 2055 a factor of 112385895?
True
Is 3326 a factor of 7540042?
True
Is 138799696 a multiple of 34?
True
Is 27 a factor of 14974389?
True
Is 673 a factor of 442570863?
False
Does 5415 divide 232683027?
False
Is 3 a factor of 27086144?
False
Is 49 a factor of 22685892?
False
Does 361 divide 4952559?
True
Is 4113 a factor of 19061293?
False
Is 114 a factor of 2422900411?
False
Does 17 divide 1110942435?
True
Is 14 a factor of 464474871?
False
Is 772 a factor of 60625778?
False
Is 1738095171 a multiple of 35?
False
Does 1880 divide 2852935700?
False
Is 161080148 a multiple of 399?
False
Is 560 a factor of 20510000?
True
Does 12 divide 8513739?
False
Does 20 divide 4286057?
False
Is 59 a factor of 123026305?
False
Is 11 a factor of 14145626?
True
Is 981 a factor of 121564135?
False
Is 2645 a factor of 537583025?
True
Does 4506 divide 1206490364?
False
Is 74 a factor of 777634032?
True
Does 101 divide 22054697?
False
Is 30459767 a multiple of 13?
True
Is 24441445 a multiple of 245?
True
Is 55489465 a multiple of 3422?
False
Does 44 divide 475889964?
True
Is 238553304 a multiple of 319?
True
Is 13 a factor of 5715489?
True
Does 217 divide 131382433?
True
Is 1463845835 a multiple of 5867?
True
Is 10913373 a multiple of 37?
False
Is 902 a factor of 74891157?
False
Does 632 divide 460252507?
False
Is 55461637 a multiple of 115?
False
Is 86 a factor of 172558253?
False
Is 13 a factor of 1702766?
True
Does 69 divide 252004437?
False
Is 210 a factor of 53394660?
False
Is 1635 a factor of 1341835032?
False
Is 151 a factor of 354964141?
False
Does 650 divide 81773250?
True
Does 916 divide 1130541856?
True
Does 22 divide 5910402?
False
Is 156 a factor of 19261008?
True
Does 14 divide 64286936?
True
Is 731 a factor of 112383940?
True
Does 1252 divide 580223124?
True
Does 859 divide 775622883?
True
Is 2703603514 a multiple of 2642?
True
Is 38734925 a multiple of 13?
False
Does 14 divide 282657142?
False
Is 883233 a multiple of 684?
False
Does 13 divide 19670170?
True
Is 114 a factor of 76152456?
True
Is 2930 a factor of 2